te the remainder when 174092249 is divided by 50.
49
Calculate the remainder when 8928 is divided by 2644.
996
Calculate the remainder when 24384 is divided by 3350.
934
What is the remainder when 2656974 is divided by 11117?
11
Calculate the remainder when 65687539 is divided by 278337.
7
What is the remainder when 12694 is divided by 11886?
808
Calculate the remainder when 2671647 is divided by 1017.
1005
What is the remainder when 1240136 is divided by 2839?
2332
Calculate the remainder when 83981282 is divided by 4940075.
7
Calculate the remainder when 24926698 is divided by 13.
4
Calculate the remainder when 980681 is divided by 7410.
2561
What is the remainder when 594248 is divided by 539?
270
What is the remainder when 2963355 is divided by 97?
5
Calculate the remainder when 11345929 is divided by 87.
85
What is the remainder when 6431724 is divided by 389?
387
What is the remainder when 194204 is divided by 594?
560
What is the remainder when 9778605 is divided by 250733?
18
Calculate the remainder when 19630061 is divided by 9815023.
15
What is the remainder when 133735 is divided by 9937?
4554
What is the remainder when 47507426 is divided by 1267?
1261
Calculate the remainder when 3517768 is divided by 60.
28
What is the remainder when 19574280 is divided by 990?
0
Calculate the remainder when 1620722 is divided by 1205.
1202
Calculate the remainder when 386431 is divided by 101.
5
What is the remainder when 8844480 is divided by 433?
22
What is the remainder when 145784 is divided by 200?
184
What is the remainder when 80314 is divided by 940?
414
What is the remainder when 4289112 is divided by 133?
128
What is the remainder when 4139638 is divided by 16?
6
Calculate the remainder when 2145420 is divided by 97518.
24
Calculate the remainder when 220071 is divided by 10951.
1051
Calculate the remainder when 221282 is divided by 55218.
410
Calculate the remainder when 2750864111 is divided by 8711.
8710
Calculate the remainder when 97938225 is divided by 6677.
6666
Calculate the remainder when 484871 is divided by 9324.
23
What is the remainder when 884033 is divided by 18417?
17
What is the remainder when 87511 is divided by 3968?
215
What is the remainder when 2706516 is divided by 117674?
14
Calculate the remainder when 60893194 is divided by 84.
82
What is the remainder when 11210442 is divided by 85?
47
What is the remainder when 42802226 is divided by 1860966?
8
What is the remainder when 80766 is divided by 2185?
2106
What is the remainder when 26989100 is divided by 539782?
0
What is the remainder when 628889 is divided by 1747?
1716
What is the remainder when 312042300 is divided by 54?
6
What is the remainder when 25297983 is divided by 8432654?
21
What is the remainder when 1353703 is divided by 543?
4
What is the remainder when 137896896 is divided by 253?
5
Calculate the remainder when 6040250 is divided by 2013412.
14
Calculate the remainder when 15569871 is divided by 7784905.
61
What is the remainder when 62263355 is divided by 1790?
1785
Calculate the remainder when 9629862 is divided by 285.
282
What is the remainder when 342164 is divided by 1056?
20
Calculate the remainder when 206353 is divided by 111.
4
Calculate the remainder when 91119 is divided by 7577.
195
What is the remainder when 422943 is divided by 17622?
15
Calculate the remainder when 488245 is divided by 14794.
43
Calculate the remainder when 3414390 is divided by 1266.
1254
Calculate the remainder when 45091 is divided by 43.
27
What is the remainder when 23679 is divided by 375?
54
What is the remainder when 425156398 is divided by 30?
28
What is the remainder when 57209 is divided by 1446?
815
What is the remainder when 7033587 is divided by 185094?
15
What is the remainder when 482781 is divided by 143?
13
What is the remainder when 493627 is divided by 74?
47
Calculate the remainder when 3834855 is divided by 1917417.
21
What is the remainder when 25519519 is divided by 4310?
9
Calculate the remainder when 638640 is divided by 2765.
2690
What is the remainder when 900454 is divided by 55?
49
What is the remainder when 6805 is divided by 2348?
2109
Calculate the remainder when 11756511 is divided by 584.
7
Calculate the remainder when 1336790 is divided by 436.
14
Calculate the remainder when 4490436 is divided by 2851.
111
Calculate the remainder when 4328602 is divided by 4328581.
21
Calculate the remainder when 8953253 is divided by 184.
181
What is the remainder when 538136 is divided by 547?
435
What is the remainder when 2027669 is divided by 31682?
21
Calculate the remainder when 15757819 is divided by 1536.
1531
What is the remainder when 185636304 is divided by 63013?
6
Calculate the remainder when 899829 is divided by 990.
909
Calculate the remainder when 119184 is divided by 39534.
582
Calculate the remainder when 470915 is divided by 117507.
887
Calculate the remainder when 2792205 is divided by 84609.
108
Calculate the remainder when 759935 is divided by 759226.
709
Calculate the remainder when 14616796 is divided by 34.
26
What is the remainder when 5491529 is divided by 946?
945
Calculate the remainder when 1954680 is divided by 170.
20
What is the remainder when 581640 is divided by 290806?
28
What is the remainder when 6489909 is divided by 264?
261
What is the remainder when 693629 is divided by 920?
869
What is the remainder when 10241662 is divided by 1084?
30
What is the remainder when 422840 is divided by 1024?
952
Calculate the remainder when 4956 is divided by 1755.
1446
Calculate the remainder when 444852 is divided by 17.
13
What is the remainder when 7976149 is divided by 397?
22
Calculate the remainder when 1396836 is divided by 1396831.
5
Calculate the remainder when 29207 is divided by 4956.
4427
What is the remainder when 28434 is divided by 10920?
6594
Calculate the remainder when 202801845 is divided by 64.
53
What is the remainder when 1249802 is divided by 249958?
12
What is the remainder when 35489 is divided by 8630?
969
What is the remainder when 416086 is divided by 140?
6
Calculate the remainder when 11509 is divided by 215.
114
Calculate the remainder when 7638667 is divided by 41.
39
What is the remainder when 71545809 is divided by 27?
21
What is the remainder when 1242363 is divided by 9766?
2081
What is the remainder when 425528059 is divided by 460?
459
Calculate the remainder when 512918 is divided by 102569.
73
What is the remainder when 80962 is divided by 2453?
13
What is the remainder when 582504 is divided by 6771?
198
What is the remainder when 403750 is divided by 792?
622
What is the remainder when 60718572 is divided by 1319968?
44
What is the remainder when 44748469 is divided by 40?
29
What is the remainder when 5376978 is divided by 4248?
3258
What is the remainder when 29968529 is divided by 100?
29
What is the remainder when 400743 is divided by 25045?
23
Calculate the remainder when 325153 is divided by 324833.
320
What is the remainder when 20375345 is divided by 8444?
8417
Calculate the remainder when 67530461 is divided by 11255074.
17
Calculate the remainder when 8698272 is divided by 4979.
4938
What is the remainder when 46788731 is divided by 28237?
22
Calculate the remainder when 12474 is divided by 3655.
1509
Calculate the remainder when 5773 is divided by 720.
13
What is the remainder when 39435607 is divided by 26?
3
What is the remainder when 1565307 is divided by 78265?
7
Calculate the remainder when 1058884 is divided by 32.
4
Calculate the remainder when 1365 is divided by 625.
115
Calculate the remainder when 1842730 is divided by 38.
34
What is the remainder when 7825186 is divided by 1565027?
51
What is the remainder when 99400 is divided by 19766?
570
Calculate the remainder when 86934 is divided by 1744.
1478
Calculate the remainder when 991929 is divided by 353.
352
What is the remainder when 92950 is divided by 7149?
13
Calculate the remainder when 5830436 is divided by 44.
40
What is the remainder when 3267136 is divided by 135?
1
Calculate the remainder when 8375857 is divided by 405.
52
What is the remainder when 9469 is divided by 162?
73
Calculate the remainder when 4398109 is divided by 314147.
51
Calculate the remainder when 1024257 is divided by 217